
What are the prime factors of 801247435?
5, 23, 59, 269, 439
What are the prime factors of 961085775?
3, 5, 13, 985729
What are the prime factors of 638904817?
638904817
What are the prime factors of 2316762297?
3, 85806011
List the prime factors of 90621770.
2, 5, 9062177
What are the prime factors of 148761231?
3, 743, 66739
List the prime factors of 67799071.
29, 2337899
List the prime factors of 215868148.
2, 53967037
What are the prime factors of 157029459?
3, 17, 3079009
What are the prime factors of 3066123099?
3, 13, 78618541
What are the prime factors of 34819616?
2, 13, 83701
What are the prime factors of 5745387843?
3, 13, 1213, 40483
What are the prime factors of 147949582?
2, 11, 6724981
List the prime factors of 1160097458.
2, 13, 73, 47017
List the prime factors of 119972940.
2, 3, 5, 1999549
What are the prime factors of 48000649?
409, 117361
What are the prime factors of 2533929880?
2, 5, 63348247
List the prime factors of 105540775.
5, 4221631
What are the prime factors of 4863116995?
5, 11, 313, 282493
What are the prime factors of 609972878?
2, 304986439
What are the prime factors of 1271715872?
2, 7, 17, 333959
What are the prime factors of 158282176?
2, 13, 190243
What are the prime factors of 399663275?
5, 11, 1453321
What are the prime factors of 406051495?
5, 41, 271, 7309
List the prime factors of 4338556730.
2, 5, 37, 103, 113843
What are the prime factors of 163788890?
2, 5, 47, 348487
List the prime factors of 980115932.
2, 67, 179, 20431
List the prime factors of 89968579.
89968579
What are the prime factors of 270372320?
2, 5, 37, 109, 419
List the prime factors of 786455600.
2, 5, 7, 19, 14783
List the prime factors of 1409710538.
2, 43, 71, 230873
List the prime factors of 812278621.
7, 11, 10549073
List the prime factors of 2010508668.
2, 3, 7, 83, 179
What are the prime factors of 134067916?
2, 17, 313, 6299
What are the prime factors of 7388564700?
2, 3, 5, 11, 2238959
List the prime factors of 8332174351.
17, 490127903
What are the prime factors of 89213840?
2, 5, 53, 397
List the prime factors of 4494679027.
617, 2161, 3371
List the prime factors of 1293943387.
11, 10693747
List the prime factors of 47532819.
3, 59, 268547
What are the prime factors of 354472082?
2, 177236041
What are the prime factors of 2446121840?
2, 5, 17, 1798619
List the prime factors of 211722444.
2, 3, 59, 149, 223
List the prime factors of 7088757250.
2, 5, 28355029
What are the prime factors of 152152843?
23, 37, 178793
List the prime factors of 2276878954.
2, 7, 162634211
List the prime factors of 57351196.
2, 7, 19, 67, 1609
What are the prime factors of 397815815?
5, 1583, 50261
What are the prime factors of 781103723?
73, 10700051
What are the prime factors of 46485249?
3, 15495083
List the prime factors of 89978758.
2, 467, 96337
List the prime factors of 1491859150.
2, 5, 29837183
List the prime factors of 969086443.
13, 31, 61, 79, 499
List the prime factors of 178690370.
2, 5, 43, 415559
List the prime factors of 12725267.
613, 20759
List the prime factors of 437103405.
3, 5, 17, 283, 673
What are the prime factors of 163451169?
3, 7, 809, 1069
List the prime factors of 39374556.
2, 3, 13, 252401
What are the prime factors of 19493787?
3, 6497929
List the prime factors of 1907767279.
11, 131, 1323919
What are the prime factors of 448070934?
2, 3, 73, 383, 2671
What are the prime factors of 2558110206?
2, 3, 461, 924841
What are the prime factors of 52116787?
52116787
List the prime factors of 1320888648.
2, 3, 55037027
What are the prime factors of 3136707?
3, 7, 49789
List the prime factors of 1861936451.
35353, 52667
List the prime factors of 95189568.
2, 3, 359, 1381
What are the prime factors of 95284798?
2, 7, 127, 53591
What are the prime factors of 252324624?
2, 3, 31, 151, 1123
List the prime factors of 1940231371.
13, 11480659
What are the prime factors of 250716151?
7, 113, 316961
What are the prime factors of 534610267?
971, 550577
List the prime factors of 63821467.
31, 677, 3041
What are the prime factors of 89385672?
2, 3, 3724403
What are the prime factors of 4071954208?
2, 7, 103, 176489
List the prime factors of 229777282.
2, 7, 73, 224831
What are the prime factors of 215055458?
2, 10039, 10711
List the prime factors of 174786341.
174786341
List the prime factors of 114965171.
114965171
List the prime factors of 43257442.
2, 83, 260587
What are the prime factors of 195190323?
3, 65063441
List the prime factors of 525892954.
2, 109, 769, 3137
What are the prime factors of 875790047?
11, 19, 4190383
List the prime factors of 6315855008.
2, 37, 5334337
List the prime factors of 110892953.
7459, 14867
What are the prime factors of 208176507?
3, 7, 11, 9103
What are the prime factors of 83127816?
2, 3, 384851
What are the prime factors of 45414289?
2423, 18743
List the prime factors of 67123280.
2, 5, 7, 67, 1789
What are the prime factors of 117650614?
2, 179, 328633
List the prime factors of 215211660.
2, 3, 5, 61, 127, 463
List the prime factors of 1749649547.
29, 2953, 20431
List the prime factors of 147789382.
2, 13, 347, 16381
What are the prime factors of 337970438?
2, 13, 17, 139, 5501
List the prime factors of 874616124.
2, 3, 23, 67, 47297
What are the prime factors of 648281838?
2, 3, 293, 499, 739
List the prime factors of 592502460.
2, 3, 5, 11, 19, 37, 1277
List the prime factors of 7375588.
2, 11, 167627
What are the prime factors of 28558791?
3, 827, 1279
List the prime factors of 13125349.
13125349
What are the prime factors of 516604784?
2, 227, 142237
List the prime factors of 60378065.
5, 11, 1097783
List the prime factors of 6418655237.
211, 30420167
What are the prime factors of 306195901?
11, 27835991
What are the prime factors of 202306252?
2, 23, 2198981
List the prime factors of 237068343.
3, 8780309
List the prime factors of 2332181577.
3, 11, 23, 3072703
List the prime factors of 16333503.
3, 5444501
List the prime factors of 461478365.
5, 19, 43, 173, 653
List the prime factors of 647836052.
2, 161959013
What are the prime factors of 279159361?
13, 21473797
What are the prime factors of 3669455984?
2, 17, 601, 22447
List the prime factors of 6775537.
17, 41, 9721
List the prime factors of 1816997287.
7, 41, 6331001
List the prime factors of 529334275.
5, 151, 140221
List the prime factors of 250927048.
2, 31365881
What are the prime factors of 10778897?
10778897
What are the prime factors of 2472854097?
3, 7, 31, 3798547
List the prime factors of 202873551.
3, 2239, 30203
List the prime factors of 2887115696.
2, 41, 919, 4789
List the prime factors of 129766822.
2, 29, 79, 127, 223
What are the prime factors of 11778343?
167, 70529
List the prime factors of 417295872.
2, 3, 7, 17, 761
List the prime factors of 4331442.
2, 3, 37, 109, 179
What are the prime factors of 1758848?
2, 7, 13, 151
List the prime factors of 14410040.
2, 5, 31, 11621
List the prime factors of 398313053.
71, 5610043
List the prime factors of 414755640.
2, 3, 5, 13, 43, 229
What are the prime factors of 562486779?
3, 71, 263, 3347
What are the prime factors of 46767867?
3, 17, 47, 109, 179
List the prime factors of 13551679.
2699, 5021
What are the prime factors of 96743512?
2, 12092939
What are the prime factors of 1446132843?
3, 23, 1087, 6427
What are the prime factors of 169332470?
2, 5, 16933247
What are the prime factors of 424063522?
2, 443, 478627
List the prime factors of 699321450.
2, 3, 5, 1087, 4289
What are the prime factors of 891047481?
3, 2677, 110951
What are the prime factors of 113120904?
2, 3, 13, 307, 1181
What are the prime factors of 8031253?
8031253
List the prime factors of 3500702637.
3, 59, 2063, 9587
What are the prime factors of 1106411838?
2, 3, 7, 19, 211, 6571
What are the prime factors of 1628880068?
2, 407220017
What are the prime factors of 509094981?
3, 233, 242773
What are the prime factors of 1119626152?
2, 139953269
List the prime factors of 278544427.
7, 19, 137, 15287
List the prime factors of 4284622909.
7, 101, 6060287
What are the prime factors of 458293145?
5, 1319, 69491
List the prime factors of 125202312.
2, 3, 1738921
What are the prime factors of 9813990?
2, 3, 5, 327133
List the prime factors of 115546025.
5, 7, 17, 38839
What are the prime factors of 3